 the units digit of 1221?
1
What is the tens digit of 15356?
5
What is the thousands digit of 1496?
1
What is the tens digit of 8939?
3
What is the units digit of 189?
9
What is the hundreds digit of 28714?
7
What is the tens digit of 437?
3
What is the ten thousands digit of 41301?
4
What is the hundreds digit of 1923?
9
What is the tens digit of 11434?
3
What is the tens digit of 28168?
6
What is the tens digit of 3734?
3
What is the units digit of 8672?
2
What is the thousands digit of 9134?
9
What is the units digit of 6446?
6
What is the units digit of 13359?
9
What is the thousands digit of 2000?
2
What is the tens digit of 33360?
6
What is the ten thousands digit of 125495?
2
What is the thousands digit of 8346?
8
What is the tens digit of 62952?
5
What is the thousands digit of 22662?
2
What is the units digit of 2383?
3
What is the units digit of 147444?
4
What is the tens digit of 139?
3
What is the hundreds digit of 26868?
8
What is the hundreds digit of 2230?
2
What is the tens digit of 42052?
5
What is the units digit of 2189?
9
What is the tens digit of 12171?
7
What is the thousands digit of 3120?
3
What is the ten thousands digit of 17144?
1
What is the hundreds digit of 1099?
0
What is the hundreds digit of 7528?
5
What is the units digit of 3453?
3
What is the hundreds digit of 27504?
5
What is the units digit of 911?
1
What is the thousands digit of 65414?
5
What is the tens digit of 3645?
4
What is the tens digit of 1082?
8
What is the units digit of 4740?
0
What is the ten thousands digit of 22741?
2
What is the ten thousands digit of 14545?
1
What is the units digit of 18856?
6
What is the hundreds digit of 695?
6
What is the hundreds digit of 17384?
3
What is the tens digit of 1335?
3
What is the hundreds digit of 128871?
8
What is the tens digit of 2588?
8
What is the tens digit of 1447?
4
What is the units digit of 65140?
0
What is the units digit of 4924?
4
What is the tens digit of 14741?
4
What is the thousands digit of 4847?
4
What is the units digit of 921?
1
What is the units digit of 83260?
0
What is the units digit of 2444?
4
What is the units digit of 57?
7
What is the hundreds digit of 362?
3
What is the thousands digit of 1654?
1
What is the units digit of 10707?
7
What is the ten thousands digit of 81784?
8
What is the hundreds digit of 964?
9
What is the ten thousands digit of 14958?
1
What is the units digit of 5938?
8
What is the units digit of 5109?
9
What is the thousands digit of 96679?
6
What is the tens digit of 381?
8
What is the units digit of 7046?
6
What is the hundreds digit of 10068?
0
What is the units digit of 6360?
0
What is the thousands digit of 48831?
8
What is the tens digit of 234?
3
What is the thousands digit of 1004?
1
What is the hundreds digit of 4317?
3
What is the tens digit of 3442?
4
What is the hundreds digit of 1525?
5
What is the hundreds digit of 3530?
5
What is the hundreds digit of 31297?
2
What is the tens digit of 13906?
0
What is the units digit of 182?
2
What is the units digit of 18901?
1
What is the tens digit of 2274?
7
What is the units digit of 916?
6
What is the hundreds digit of 31064?
0
What is the units digit of 181072?
2
What is the tens digit of 34719?
1
What is the ten thousands digit of 14498?
1
What is the hundreds digit of 29899?
8
What is the thousands digit of 9506?
9
What is the units digit of 57?
7
What is the ten thousands digit of 10274?
1
What is the units digit of 55450?
0
What is the hundreds digit of 1276?
2
What is the units digit of 1650?
0
What is the ten thousands digit of 90986?
9
What is the hundreds digit of 3574?
5
What is the thousands digit of 41147?
1
What is the units digit of 10?
0
What is the tens digit of 1957?
5
What is the thousands digit of 8412?
8
What is the hundreds digit of 10200?
2
What is the ten thousands digit of 93353?
9
What is the ten thousands digit of 10680?
1
What is the hundreds digit of 56437?
4
What is the hundreds digit of 138581?
5
What is the hundreds digit of 22897?
8
What is the tens digit of 5533?
3
What is the units digit of 219?
9
What is the units digit of 668?
8
What is the tens digit of 61932?
3
What is the hundreds digit of 599?
5
What is the tens digit of 50370?
7
What is the ten thousands digit of 27130?
2
What is the ten thousands digit of 21319?
2
What is the hundreds digit of 2159?
1
What is the hundreds digit of 67462?
4
What is the units digit of 75710?
0
What is the hundreds digit of 906?
9
What is the units digit of 450?
0
What is the hundreds digit of 12716?
7
What is the units digit of 928?
8
What is the thousands digit of 97286?
7
What is the units digit of 7652?
2
What is the tens digit of 60455?
5
What is the tens digit of 45157?
5
What is the hundreds digit of 1000?
0
What is the tens digit of 190653?
5
What is the hundreds digit of 3592?
5
What is the units digit of 1599?
9
What is the units digit of 1477?
7
What is the hundreds digit of 12175?
1
What is the units digit of 672?
2
What is the tens digit of 2435?
3
What is the tens digit of 858?
5
What is the units digit of 124?
4
What is the units digit of 107?
7
What is the tens digit of 1232?
3
What is the units digit of 1932?
2
What is the tens digit of 55196?
9
What is the thousands digit of 1259?
1
What is the ten thousands digit of 63947?
6
What is the tens digit of 503?
0
What is the tens digit of 8913?
1
What is the tens digit of 266?
6
What is the thousands digit of 33681?
3
What is the hundreds digit of 3574?
5
What is the units digit of 45965?
5
What is the units digit of 23233?
3
What is the units digit of 6717?
7
What is the tens digit of 541?
4
What is the units digit of 2?
2
What is the ten thousands digit of 16275?
1
What is the thousands digit of 11397?
1
What is the tens digit of 6311?
1
What is the units digit of 5?
5
What is the thousands digit of 6808?
6
What is the hundreds digit of 28369?
3
What is the thousands digit of 47668?
7
What is the hundreds digit of 29410?
4
What is the tens digit of 41926?
2
What is the hundreds digit of 2174?
1
What is the hundreds digit of 1031?
0
What is the hundreds digit of 1876?
8
What is the tens digit of 897?
9
What is the units digit of 690?
0
What is the ten thousands digit of 206030?
0
What is the units digit of 25528?
8
What is the units digit of 4457?
7
What is the thousands digit of 42197?
2
What is the hundreds digit of 7995?
9
What is the tens digit of 33859?
5
What is the ten thousands digit of 72032?
7
What is the tens digit of 7142?
4
What is the thousands digit of 126961?
6
What is the hundreds digit of 28524?
5
What is the thousands digit of 9576?
9
What is the hundreds digit of 23257?
2
What is the units digit of 49?
9
What is the thousands digit of 5577?
5
What is the thousands digit of 4770?
4
What is the thousands digit of 1112?
1
What is the units digit of 4736?
6
What is the units digit of 724?
4
What is the hundreds digit of 35796?
7
What is the units digit of 742?
2
What is the tens digit of 2960?
6
What is the thousands digit of 2405?
2
What is the hundreds digit of 61503?
5
What is the tens digit of 10784?
8
What is the units digit of 2579?
9
What is the thousands digit of 4618?
4
What is the tens digit of 7786?
8
What is the units digit of 1201?
1
What is the hundred thousands digit of 109741?
1
What is the units digit of 58207?
7
What is the ten thousands digit of 20581?
2
What is the hundreds digit of 397?
3
What is the hundreds digit of 7739?
7
What is the hundreds digit of 454?
4
What is the hundreds digit of 7439?
4
What is the tens digit of 11345?
4
What is the hundreds digit of 3559?
5
What is the hundreds digit of 5003?
0
What is the thousands digit of 1837?
1
What is the tens digit of 1288?
8
What is the hundreds digit of 4844?
8
What is the hundred thousands digit of 119485?
1
What is the ten thousands digit of 19620?
1
What is the units digit of 2098?
8
What is the tens digit of 60?
6
What is the thousands digit of 13451?
3
What is the hundreds digit of 4744?
7
What is the ten thousands digit of 177381?
7
What is the hundreds digit of 19757?
7
What is the tens digit of 47454?
5
What is the units digit of 6037?
7
What is the thousands digit of 157820?
7
What is the units digit of 69?
9
What is the thousands digit of 32577?
2
What is th